e prime factors of 1*(s/4)/1.
3
Let x = 5 - 0. Suppose -x*f + 115 = 40. What are the prime factors of f?
3, 5
Let q be 4/6 - 170/(-6). Suppose -q = -5*i + 41. What are the prime factors of i?
2, 7
Let w = -7 + 11. Let h = 6 - w. What are the prime factors of h?
2
Suppose -4*v - 14 = -5*f + 82, -3*v = -2*f + 37. List the prime factors of f.
2, 5
Let q(z) = -z**2 - 8*z + 5. Let p = 13 - 20. List the prime factors of q(p).
2, 3
Let w be 1/(-5) - (-964)/20. Suppose x = 3*x - w. List the prime factors of x.
2, 3
Let y(v) = v - 3. Let j be y(6). Suppose -4*p + 6 = 5*c - 3*c, -p - 11 = j*c. Suppose p*g - 30 = -g. What are the prime factors of g?
2, 3
Let d(r) = 5*r + 29. What are the prime factors of d(13)?
2, 47
What are the prime factors of ((-1)/(-3))/(5/1035 + 0)?
3, 23
Suppose -7*m + 32 = 9*m. List the prime factors of m.
2
Let c(u) = 2*u - 4. Suppose -2*s + 10 = -a + 4*a, 3*a = 5*s - 25. What are the prime factors of c(s)?
2, 3
Let m = 17 - 13. Suppose -3*b + 92 = 4*s, 5*b = -s - m*s + 155. What are the prime factors of b?
2
Let l = 31 - 9. List the prime factors of l.
2, 11
Let k be ((-4)/3)/(6/18). List the prime factors of 1 - (-22)/k*-2.
2, 3
Let k be 2 + -3 + (-3 - -6). Let b be (2 + -4)/(-2) + k. Suppose -d + 66 = 2*d + b*l, 0 = -d - 4*l + 28. List the prime factors of d.
2, 5
Let n be (-4)/(-14) - 278/(-7). Suppose 0 = -4*y + 1 + 59. Suppose -3*c - 4*f + y = -n, -3*c - 2*f = -47. What are the prime factors of c?
13
Let j(g) = -2*g - 6 - 2 + 0 + 1. What are the prime factors of j(-8)?
3
Suppose -10 = -3*o - 1. Suppose o*s = 5 + 1. Suppose 2*d = s + 2. What are the prime factors of d?
2
Suppose -2*c + 5*t + 410 = -0*c, -12 = 3*t. What are the prime factors of c?
3, 5, 13
Suppose -4*x + 4*l + 7 = -33, 4*x - 4 = -5*l. List the prime factors of (-45)/x*(-4)/3.
2, 5
Suppose -77 = 5*m - 0*d + d, -5*m = -4*d + 67. Let w be (5/4)/((-2)/40). Let a = m - w. List the prime factors of a.
2, 5
Suppose 0 = -z - 0*z + 33. Suppose 5*v - z = 27. What are the prime factors of v?
2, 3
Let y = 48 + -6. List the prime factors of y.
2, 3, 7
Suppose 0 = 4*y - 39 - 153. Suppose -3*d - 6 = -y. What are the prime factors of d?
2, 7
Suppose 0*y - 9 = -y - 2*s, 2*s - 13 = -5*y. What are the prime factors of -1 - (-3 + y) - -3?
2
Suppose -g + 4*g = -18. Let y be 1/g - 13/(-6). Suppose -75 = -3*x - y*x. List the prime factors of x.
3, 5
Suppose -4*j = -4*d + 8, -2*d - 3*j = -d - 14. Suppose -4*f - 4*r + 4 = 0, d*f - 9 = 4*r + 23. What are the prime factors of f?
2
Let f be (-1 + 1)*(0 + 1). Let i be -2*(-12)/8 - -4. Let m = i + f. What are the prime factors of m?
7
Let k = 11 + -7. Suppose 3*n = j + 7, k*n - 2*j = j + 1. Suppose 2*l + n - 26 = 0. What are the prime factors of l?
11
Suppose -18 = s + 2*s. Let z(r) = -4*r + 5. Let t be z(s). Let a = 40 - t. List the prime factors of a.
11
Let r(b) = b**2 - b + 4. Let d(t) = -t**3 - 3*t**2 + t + 3. Let a be d(-3). Suppose 3*x = -a*x + 9. What are the prime factors of r(x)?
2, 5
Suppose 3*m + 29 - 165 = -w, -5*w + 640 = 5*m. What are the prime factors of w?
2, 31
Suppose -3*a + 15 = -0*a. Suppose 136 = x - a*x. Let i = -21 - x. List the prime factors of i.
13
Let h be 4 + -2 + -1 + 4. Suppose h*s - c = -2*c + 282, 4*c = 5*s - 297. List the prime factors of s.
3, 19
Let z be (-6 - -3)/((-12)/16). Suppose -z*t = -1 - 35. List the prime factors of t.
3
Let a(i) = -6*i**3 + 5*i**2 + 6*i + 1. List the prime factors of a(-2).
3, 19
Let c be 0 + 3 - 18/1. Let h = c - -29. List the prime factors of h.
2, 7
Let a be (1 - 2) + 25 + 0. Let v be (a/5)/((-1)/5). What are the prime factors of 7*1*v/(-28)?
2, 3
Suppose -3*w = 4*d - 970, 0 = d + 2*d - w - 734. List the prime factors of d.
2, 61
Suppose -4*a - 5 = a. What are the prime factors of a + 18 + (-1 - -1)?
17
Let v be 1/(-2) + (-18)/(-4). Suppose 0 = -z + v, 0 = l - 2*l - 2*z + 15. What are the prime factors of l?
7
Let o = 36 - 4. What are the prime factors of o?
2
Let p(q) = q**3 + 8*q**2 - 9*q - 3. Let d be p(-9). Let r be -3 + 4 + -6 + d. Let g = r - -20. What are the prime factors of g?
2, 3
Let k(r) = -r**3 + 20*r**2 + 24*r + 1. What are the prime factors of k(21)?
2
Suppose -i - 15 = -1. Let w = -10 - i. Suppose -w*v + 17 = o - 0, -o - 8 = -v. List the prime factors of v.
5
Let h(j) = -4*j + 3*j + 4 + 0*j + 0*j. What are the prime factors of h(-4)?
2
Let y = 12 + -12. Suppose -2*t + 34 = -y*t. What are the prime factors of t?
17
Suppose 3 = -5*w + 23. Let r = 23 - 21. Let t = w - r. List the prime factors of t.
2
Let c = -5 + 17. Suppose p + s - 5 = c, 0 = -p + s + 19. Suppose 0 = -g + 4*g - p. List the prime factors of g.
2, 3
Let k(g) = g**3 - 8*g**2 - 4*g + 6. Let y be k(8). Let s = y + 16. What are the prime factors of 4/s - (-67)/5?
13
Let r(o) = o**3 - 5*o**2 - 5*o - 8. Let p be r(6). Let a be (p + -3 - -2)/(-1). Suppose 2*s = 5*z - 75, -3*z - 2*s = a*s - 14. What are the prime factors of z?
13
Suppose 4*k + 28 = 400. List the prime factors of k.
3, 31
Let r = 2 - 1. Suppose 13 = b - r. List the prime factors of b.
2, 7
Suppose 5*n + 320 = -4*h, 3*n + n = -4*h - 260. Let w be 2/(3/n*1). List the prime factors of w/(-32)*(-8)/(-2).
5
Let a be ((-8)/(-2))/(6/(-21)). Let h = 11 + a. Let g = 5 + h. What are the prime factors of g?
2
Let w be ((-6)/15)/(3/(-30)). Suppose -26 = -m - w*g, -4*m + 66 - 14 = 3*g. What are the prime factors of m?
2, 5
Let o(f) = -f**3 - 2*f**2 + 4*f - 3. Let b(u) = -u - 6. Let d be b(-6). Suppose -2*s + d*y = -4*y, s + 8 = -2*y. What are the prime factors of o(s)?
13
Let s = -9 - -13. Let i be (2 - 0) + s/(-4). Let u = 2 + i. What are the prime factors of u?
3
Let c = -3 - 0. What are the prime factors of -24*(1 + -2) - c?
3
Let h be (-4)/10 + 82/5. Let g = -10 + h. What are the prime factors of (-1)/((3 + -6)/g)?
2
Let i(a) be the first derivative of a**4/4 - 2*a**3/3 - 5*a**2/2 + 5*a + 4. List the prime factors of i(4).
17
Let q(c) = -c**3 + 5*c**2 + 3*c - 6. Suppose -6*l - 55 = -l. Let p = -7 - l. What are the prime factors of q(p)?
2, 11
Suppose -w + 16 = -5*w. Let t = w + 9. What are the prime factors of t?
5
Suppose 0 = 3*m - 6*m. Let c = m + 51. What are the prime factors of c?
3, 17
List the prime factors of (-6)/4 - (-1575)/10.
2, 3, 13
List the prime factors of (12/(-9))/((-4)/48).
2
Suppose -3*k - 13 = -37. Let o(c) = c**2 - 6*c + 4. What are the prime factors of o(k)?
2, 5
Let g = 167 - 50. List the prime factors of g.
3, 13
Let v(b) = -24*b - 3. Suppose 5*d + 2 - 17 = 0. Let u be v(d). List the prime factors of (-4)/(-3)*u/(-10).
2, 5
Suppose 14 - 113 = 3*y. Let h = 50 + y. Let n = h + -8. What are the prime factors of n?
3
Let s(k) = -k**3 + k**2 + 3*k + 70. What are the prime factors of s(0)?
2, 5, 7
Suppose 0 = 3*m + 8 + 118. Let k = 66 + m. Let j = k - 12. What are the prime factors of j?
2, 3
Suppose 0*v - 1 = v. Let c be 6/3 - (v - -1). Let t = c - -3. List the prime factors of t.
5
Let h(u) = u**3 + u**2 - u + 22. Let q be h(0). Suppose -3*m + q = -2*p - 2*p, 2*m + p - 33 = 0. List the prime factors of m.
2, 7
Let i(h) = h + 20. Let u be i(0). Let t = u + -31. Let z = 5 - t. List the prime factors of z.
2
Suppose 19*z - 36 = 16*z. List the prime factors of z.
2, 3
Suppose 0*s = -2*s + 28. Suppose 3*z - s = -5. What are the prime factors of z?
3
Let p(t) = -t - 2. Let x be p(-6). Let k(u) = 2*u - 2. Let y be k(x). Suppose -m + 9 = -y. What are the prime factors of m?
3, 5
Suppose 0 = -5*j + j + 96. Suppose 2*f + 0*f + x - j = 0, -5*f - 3*x + 61 = 0. Suppose 5*w - 4*u - 80 = 0, -43 = -w + 4*u - f. List the prime factors of w.
2, 3
Let t(a) = a**2 - 4*a - 2. What are the prime factors of t(6)?
2, 5
Let o(u) = -30*u + 2. List the prime factors of o(-3).
2, 23
Let x = -3 - 2. Let i be 6/(-9) + (-19)/3. Let l = x - i. What are the prime factors of l?
2
Let q(r) = -5*r + 1. Let k be q(-1). Let w = 2 + k. List the prime factors of w.
2
Let z(o) = o**3 + 22*o**2 - 5*o - 15. List the prime factors of z(-22).
5, 19
Let i(q) be the third derivative of -q**4/24 - 4*q**2. Let g be i(-1). Suppose g + 4 = n + 3*r, -3*n - 4*r = -15. List the prime factors of n.
5
Suppose -l + 20 = -6*l. List the prime factors of (-1)/((l/(-5))/(-4)).
5
Suppose -5*d + 12 = -d. Let r be -2 - 9*(-2)/3. Let l = r + d. List the prime factors of l.
7
Suppose